 base 10, what is -3 + -1358754?
-1358757
In base 11, what is -268 + -167159?
-167416
In base 10, what is 2607191009 + 3?
2607191012
In base 11, what is -675a6 + 339?
-67268
In base 9, what is 178304611 + 3?
178304614
In base 6, what is -503044 + 1454?
-501150
In base 13, what is -8b + -4420?
-44ab
In base 10, what is 7 + -2677358?
-2677351
In base 10, what is -10 - -61214?
61204
In base 12, what is 76 + -75154?
-7509a
In base 12, what is 10 - 131286?
-131276
In base 12, what is 4 + -17b6b95a?
-17b6b956
In base 8, what is -261 - 53343?
-53624
In base 13, what is -a02c1ab - -3?
-a02c1a8
In base 3, what is 2212011111111 - -2102?
2212011120220
In base 5, what is -4110 + -22442?
-32102
In base 12, what is -b7b - -11589a?
11491b
In base 11, what is 1715466 + 7?
1715472
In base 15, what is -2cbdeb04 - 2?
-2cbdeb06
In base 9, what is -3 + -228334662?
-228334665
In base 9, what is -15377 - 631?
-16118
In base 9, what is -4 - 16508047?
-16508052
In base 14, what is 1a882 - 1a?
1a866
In base 7, what is -65600 - -66?
-65501
In base 9, what is -273667 + -2654?
-276432
In base 12, what is 5 + 1bb4963?
1bb4968
In base 9, what is -14663876 + -2?
-14663878
In base 2, what is -10011110100001110001101010 + 10001?
-10011110100001110001011001
In base 16, what is -993987 - -1?
-993986
In base 11, what is -1372193 - -5?
-1372189
In base 13, what is -768b7 + 213?
-766a4
In base 10, what is -2485 + -26428?
-28913
In base 13, what is -4 + 7497b8?
7497b4
In base 3, what is -122200212011 - 1020?
-122200220101
In base 4, what is 1003022000 + 202?
1003022202
In base 7, what is 1024 + -226656?
-225632
In base 9, what is 1 - -1435424?
1435425
In base 3, what is -1120001 + 221121212?
220001211
In base 7, what is 42214 - 22052?
20132
In base 8, what is 165756707 - 3?
165756704
In base 11, what is -152612 + -9?
-152620
In base 12, what is -1 - -1294b40?
1294b3b
In base 8, what is 40611 + 750?
41561
In base 15, what is 1be470 + -19?
1be456
In base 16, what is 1c + -74e12?
-74df6
In base 14, what is -243b1 - -796?
-23a19
In base 9, what is -6 - 10681410?
-10681416
In base 5, what is -1 - -3233314404?
3233314403
In base 4, what is -3003033103120 - -2?
-3003033103112
In base 13, what is -1044269 - -121?
-1044148
In base 13, what is 1276 - 2c1?
c85
In base 5, what is 32 + -3000313?
-3000231
In base 11, what is -24a8894 + 25?
-24a886a
In base 14, what is -50c4 - 54a6?
-a58a
In base 15, what is -12527d - -ea?
-125183
In base 15, what is 5 - -1a210cb9?
1a210cbe
In base 11, what is 3940 + -6457?
-2617
In base 9, what is 48 + -13818?
-13760
In base 16, what is 10 - 6530b?
-652fb
In base 2, what is -10100100100011110010100 - -100?
-10100100100011110010000
In base 2, what is -1101100001001101 + -10?
-1101100001001111
In base 9, what is -5 - -12617572?
12617566
In base 8, what is -2 + -56474?
-56476
In base 11, what is -3 - 9598931?
-9598934
In base 6, what is -4 + -134324125?
-134324133
In base 9, what is 7 - -1645576?
1645584
In base 16, what is -18 - -3c4548?
3c4530
In base 7, what is -111 - 2333502?
-2333613
In base 4, what is 133 - 123123202?
-123123003
In base 13, what is -701 + -1a20?
-2421
In base 16, what is -8 - 6ee8c3?
-6ee8cb
In base 11, what is 377 + 389092?
389459
In base 3, what is 22 - -2200211222102?
2200211222201
In base 3, what is -212011 + 12111010120?
12110021102
In base 9, what is 154804 + -135?
154658
In base 14, what is -5 + -920440?
-920445
In base 8, what is -1041160114 - -4?
-1041160110
In base 13, what is 69763 - -16?
69779
In base 4, what is 1003 - -1110321230?
1110322233
In base 4, what is -310 + -22230011001?
-22230011311
In base 8, what is -4324740577 - 2?
-4324740601
In base 5, what is 1 - -1210400233?
1210400234
In base 13, what is 20b - -c178?
c386
In base 9, what is 68 - -14401?
14470
In base 14, what is 10017 - -175b?
11774
In base 14, what is -98ba + -19d?
-9a79
In base 9, what is 314 + -2673464?
-2673150
In base 16, what is -1 + 15550f?
15550e
In base 6, what is -50551234 + -110?
-50551344
In base 5, what is -22240243 + -22?
-22240320
In base 13, what is -b + -461bc3?
-461c01
In base 14, what is -41ac3 + 22?
-41aa1
In base 6, what is -1050344 - -422?
-1045522
In base 10, what is -6 + -7446723?
-7446729
In base 7, what is 3 + -200613561?
-200613555
In base 6, what is 22244 + -232300?
-210012
In base 11, what is -109 - -74100?
73aa2
In base 14, what is -5 + 121dd744?
121dd73d
In base 4, what is -111333111023 + 11?
-111333111012
In base 6, what is -134331545 + 33?
-134331512
In base 10, what is -12 + 17226182?
17226170
In base 16, what is f - -48b8?
48c7
In base 16, what is -94 - 1bfb?
-1c8f
In base 12, what is 9298b + 210?
92b9b
In base 5, what is -132023 + 144014?
11441
In base 16, what is -2f1 + 26b08?
26817
In base 3, what is -2011000 + -101200221122?
-101210002122
In base 13, what is -1 - -2a142?
2a141
In base 7, what is -452 - 1430354?
-1431136
In base 3, what is -110 + 21010110110011220?
21010110110011110
In base 4, what is 133231223 - 2101?
133223122
In base 13, what is b + 6c34383?
6c34391
In base 13, what is 9 - -2a93b79?
2a93b85
In base 6, what is -4 - 1342401131?
-1342401135
In base 14, what is -59 - 2bd57b?
-2bd5d6
In base 4, what is -2103113310100 + 301?
-2103113303133
In base 2, what is 0 - 1011100001001101001001000?
-1011100001001101001001000
In base 11, what is 481 + 1062aa?
106780
In base 3, what is 22002220120 - 1012?
22002212101
In base 16, what is 5 - -9199f6?
9199fb
In base 3, what is 11020012111022 + -110?
11020012110212
In base 14, what is -d2204 - 7a?
-d2280
In base 13, what is 328 - -16108?
16433
In base 10, what is -4467 + 24?
-4443
In base 6, what is 1 + -32340214?
-32340213
In base 12, what is -21435b + -8?
-214367
In base 14, what is 376 + 4479?
4811
In base 13, what is -287859 - 4?
-287860
In base 10, what is -36648479 + -3?
-36648482
In base 5, what is 10301030 - -1001?
10302031
In base 12, what is -226 - -4a70?
4846
In base 11, what is 231 + -36448?
-36217
In base 4, what is 122003 + -130203220?
-130021211
In base 14, what is -c54 - -1574?
720
In base 16, what is -151 + 4d7b?
4c2a
In base 14, what is 4 - -161ac?
161b2
In base 10, what is -155079700 + 3?
-155079697
In base 5, what is -132411433 + 304?
-132411124
In base 13, what is -22 - 1337c?
-133a1
In base 16, what is 2 - 1075f0?
-1075ee
In base 4, what is 23033212130 + -11?
23033212113
In base 13, what is -183b2988 + -3?
-183b298b
In base 7, what is 0 - 4645060?
-4645060
In base 14, what is 1 - 141c081?
-141c080
In base 14, what is 3b0 + -358d3?
-35523
In base 11, what is -4062 + -9628?
-1268a
In base 5, what is 203 + -2100022434?
-2100022231
In base 6, what is 1 + 1044041154?
1044041155
In base 8, what is 73 - 24145?
-24052
In base 6, what is -225 + 134050532?
134050303
In base 3, what is -10221101020002101021 + 2?
-10221101020002101012
In base 5, what is -2302042 - -1104324?
-1142213
In base 11, what is 1 + -1174172?
-1174171
In base 16, what is 67b - -2f59?
35d4
In base 8, what is -15770014 + -11?
-15770025
In base 12, what is -213 - -277b68?
277955
In base 11, what is 2120091 + 8?
2120099
In base 13, what is 5 - 29111ca1?
-29111c99
In base 10, what is -24 - -10030353?
10030329
In base 15, what is 8ee2 - 2e7?
8bea
In base 3, what is 100021 + -100110100010?
-100102222212
In base 2, what is -10100001110100 + -111000110?
-10101000111010
In base 6, what is 152 + -24033355?
-24033203
In base 6, what is -552 - -5131452?
5130500
In base 12, what is 5 + 4664937?
4664940
In base 14, what is 206 - -2287b?
22a83
In base 14, what is 1b489c + 9?
1b48a7
In base 14, what is -33034 + 120?
-32d14
In base 16, what is 4 - -46f7a20?
46f7a24
In base 11, what is -2860a8 - 11a?
-286217
In base 8, what is 5 + 476325?
476332
In base 6, what is -131145110 + 2130?
-131142540
In base 15, what is 209b98a + 5?
209b990
In base 3, what is -101 - 211201111210212?
-211201111211020
In base 5, what is 22322331 - -1110?
22323441
In base 15, what is 3e - 10ae0?
-10aa1
In base 11, what is -262104 - 659?
-262762
In base 4, what is -21312002 - -21322?
-21230020
In base 3, what is -111111002100221 + 12211?
-111111002011010
In base 9, what is -2 + 1640832?
1640830
In base 11, what is 1873 - -867?
262a
In base 16, what is -3463 - 68ad?
-9d10
In base 7, what is 2 - 340013251?
-340013246
In base 4, what is